d**3 - d**3. Calculate g(i).
13
Suppose 0 = 3*g + 47 - 59. Suppose -3 = 2*l + 3*o - 19, 2*o - 24 = -g*l. Let t(q) = -q**3 + 4*q**2 + 7*q - 6. Calculate t(l).
4
Let c(o) be the second derivative of -o**4/12 + 5*o**3/6 - 3*o**2/2 - 3*o. Let d(p) = -p**2 + 4*p - 2. Let f(i) = -4*c(i) + 5*d(i). Give f(2).
-2
Let o(n) be the third derivative of -n**6/720 - n**5/15 + 5*n**4/8 + 10*n**2. Let x(w) be the second derivative of o(w). Let g = -11 - -5. Determine x(g).
-2
Suppose 6*i - 15 = 3*i. Suppose i*u - 23 - 17 = -2*q, -17 = -2*u - q. Let l(s) = -s + 4. Calculate l(u).
-2
Let i(j) = 9*j - 12. Let z(a) = -11*a + 11. Let g(m) = 6*i(m) + 5*z(m). Give g(-13).
-4
Let s(t) = -14*t**2 - 25*t + 11. Let f(p) = -16*p**2 - 29*p + 12. Let b(y) = 6*f(y) - 7*s(y). What is b(-4)?
23
Let z(b) = -b**3 - 3*b**2 + b + 10. Let v be z(-3). Let i(k) = -k**2 + 7*k - 5. Give i(v).
-5
Let d be -10 + ((-44)/11 - -16). Let g(i) = -i**2 + 4*i - 6. Calculate g(d).
-2
Suppose 2*p = 5 + 3. Suppose p*j = -j + 25. Let w(a) = 2 - 6*a - 1 + j*a. Calculate w(-2).
3
Let y(k) = -2*k**2 - 2*k + 2. Suppose 63 = 14*t - 35*t. Calculate y(t).
-10
Let b = -14 + 15. Let x(c) = 3*c**2 - 43*c + b + 2*c**2 + 84*c - 40*c. Determine x(-1).
5
Let y(t) be the second derivative of -1/12*t**5 + 0 - 2/3*t**4 - 3*t + 1/360*t**6 + 0*t**3 + 0*t**2. Let u(i) be the third derivative of y(i). What is u(7)?
4
Let v(j) = 55*j**3 - j - 24 - 23 + 61 - 13. Give v(1).
55
Let w = 33 - 63. Let g be (w/9)/(2/9). Let v = g - -14. Let i(t) = t. Determine i(v).
-1
Let h(x) = -3*x. Suppose 14*b = 7*b - 7. Determine h(b).
3
Suppose 0*c = 2*c + 4. Let b be c*1/((-2)/3). Let m(l) = -19*l + 3 + 0*l**3 - l**3 + 22*l - b*l**2. What is m(-2)?
-7
Let p(b) = -4*b - 5. Let h be (7 + -6 - 12) + (-6)/(-2). Determine p(h).
27
Let v(z) = 67*z + 3. Let x(u) = -9*u - 1. Let d(a) = -v(a) - 4*x(a). Give d(1).
-30
Let s(l) = 16*l + 7 + 2*l**2 - 19*l + 10*l - l**2. Suppose 4*x = 2 + 14, x = 4*g. Let n(j) = -4*j**3 - j**2. Let r be n(g). What is s(r)?
-3
Let r(p) = p**2 + p - 1. Let u(l) = l**2 - 6*l - 9. Suppose -4 = -2*s - 2*m, -2*s + 5*m + 0 = 3. Let c = 14 + -16. Let v(i) = c*r(i) + s*u(i). Determine v(-5).
8
Let n(y) = 5*y - 6*y**2 - y**3 + 2*y**3 + 0*y**3 - 24. Let w be n(6). Let m(l) = -l**3 + 7*l**2 - 5*l. What is m(w)?
6
Let c(w) = 2*w + 7. Let j be (12/40)/(6/(55 + 5)). Give c(j).
13
Let j(b) = 11 + b**2 - 39*b + 2*b + 2*b + 40*b. Calculate j(-6).
17
Let d be 6/4 + (5 - 210/28). Let g(i) = 2*i + 5*i**2 - 2*i**2 + 2*i**2 + 1. Calculate g(d).
4
Let s(c) = 3*c**3 + 7*c**2 + 14*c - 1. Let y(p) = -10*p**3 - 20*p**2 - 44*p + 3. Let d(w) = -7*s(w) - 2*y(w). Determine d(-7).
-27
Suppose -2*z - 66 + 56 = 0. Let f(b) be the third derivative of -5/6*b**3 + 0*b + 5/24*b**4 + 1/60*b**5 + 0 - b**2. Give f(z).
-5
Suppose m + 3 = 4*o, o + 4*m = 8*m - 3. Let u(y) = 4*y**2 + 1. What is u(o)?
5
Let u = -4 + 7. Let p(q) be the third derivative of -q**4/24 + q**3/6 + 6*q**2. Determine p(u).
-2
Let g(a) = -11*a**3 - 29*a**2 - 21*a - 20. Let k(m) = -4*m**3 - 10*m**2 - 7*m - 7. Let j(z) = -3*g(z) + 8*k(z). Suppose 17*v - 18 = 20*v. What is j(v)?
-2
Let h(y) = y - 4. Let d(m) = 2*m**2 + 3*m + 1. Let o be -2*(3 - 6)/(-3). Let l be d(o). Suppose 8*k = l*k. Give h(k).
-4
Let z(x) = x - 1. Let y = -13 - -13. Suppose -3*p - p + 12 = -4*f, -2*p - 4 = y. Let v = 6 + f. Give z(v).
0
Let s(z) = -z + 12. Let q be s(0). Suppose u + 4*a + q + 3 = 0, 4*a = 5*u - 45. Let f(o) = 3918 - 2*o - o - 3*o + 7*o - 3919. Give f(u).
4
Let l(i) = 14*i**2 + 2*i - 17. Let g(w) = -5*w**2 - w + 6. Let x(n) = -11*g(n) - 4*l(n). Let r be -1*(-6 - (5 - 9)). Give x(r).
4
Suppose 3*b + o + 3 = 6, 15 = 3*b + 5*o. Suppose -2 = -3*r + 4*r - 3*f, b = 3*r + 2*f - 16. Suppose -i = -2*i - r. Let z(v) = 2*v + 4. What is z(i)?
-4
Let h(u) = -2*u**3 - 1. Let m be ((-12)/10)/(3/(-15)). Let r(n) = 4*n - 8. Let z be r(3). Let l be (z/m)/(4/(-6)). What is h(l)?
1
Let a(d) be the third derivative of 16*d**2 - 1/6*d**3 + 1/30*d**5 + 0*d**4 + 0 + 0*d. Give a(1).
1
Suppose -5*c - 5*y = -20, -4*y = y + 5. Let h be (-26)/(-4) - c/(-10). Suppose -2*s = 3*v + h, -v + 3*v = -s - 5. Let j(g) = g**2 - 2*g. What is j(s)?
-1
Let h(n) = -n - n - 5*n + 1 + 4*n. Suppose 2*w - x = 11, -x = -0*x + 5. Suppose 0 = p + 5*j + 11, 5*p + w*j - 7 = 4. Calculate h(p).
-11
Let o(c) = -9*c**3 + 15*c**2 + 14*c - 2. Let a(x) = 5*x**3 - 8*x**2 - 7*x + 1. Let r(p) = -7*a(p) - 4*o(p). Give r(5).
-9
Let h(y) be the first derivative of -28 - 3/2*y**2 - 3*y + 1/3*y**3. Determine h(4).
1
Suppose 0 = 4*p - 23 + 15. Let d(h) = p*h + 2*h + 0*h - 8. Determine d(6).
16
Let g(s) be the second derivative of 0*s**2 + 5/6*s**3 - 2*s + 1/12*s**4 + 0. Give g(-6).
6
Suppose m = -6*m + 14. Let y(v) be the third derivative of 0*v + 0 + 0*v**3 + 1/8*v**4 - v**2 - 1/20*v**5. Give y(m).
-6
Let n(i) = i**3 - 12*i**2 - 14*i + 8. Let m = -201 + 214. What is n(m)?
-5
Let r(x) = -x**2 - 24*x + 216. Let u be r(-31). Let p(n) = 18*n**2 - n + 1. Give p(u).
20
Let g(v) be the second derivative of v**3/6 - 13*v**2/2 - 414*v. What is g(6)?
-7
Let v be 5/(-1) + (-3 - -19) + 10 + -14. Let n(r) = -r**3 + r**2 + r + 1. Let q(j) = 3*j**3 - 8*j**2 - 10*j - 4. Let g(u) = 2*n(u) + q(u). Calculate g(v).
-9
Let a(o) be the third derivative of 0*o + 0 - 12*o**2 - 1/24*o**4 + 0*o**5 + 1/6*o**3 - 1/120*o**6. Give a(0).
1
Let s(y) = -2*y. Let x(k) be the first derivative of -17*k**2/2 - 34. Let i(u) = -2*s(u) + x(u). Give i(-1).
13
Let p = 332 - 339. Let a(f) = -4*f**2 + 11*f - 3. Let w(u) = 3*u**2 - 10*u + 3. Let q(m) = 4*a(m) + 5*w(m). What is q(p)?
-4
Let b(g) be the second derivative of -g**5/20 - 5*g**4/12 + 2*g**3/3 - 2*g**2 + 6*g - 3. What is b(-6)?
8
Suppose 6*r = 11*r - 20. Let h(j) be the first derivative of -4/3*j**3 - 2*j + 1/2*j**r + 2*j**2 - 3. Calculate h(2).
6
Let f(t) be the second derivative of t**3/6 - 7*t**2 - 11*t. Let u be f(18). Let l(y) = y**2 - 7*y + 6. Give l(u).
-6
Let y be 21 - 16 - (1 + 2). Let t(k) = 3*k**2 - 4 + 2*k + 0 + 1. Determine t(y).
13
Let x(w) = -w**2 + 8*w - 6. Suppose -d + 3*d = 4*f - 32, -3*f + 30 = -3*d. Suppose -2*b + 24 = 2*y, 0 = -3*y + 2*b + f + 5. Calculate x(y).
1
Let n(y) be the second derivative of y**5/4 - y**4/12 + y**3/3 - y**2/2 + 2*y. Let s = 15 - 12. Let j be 1*(-1 + 4)/s. What is n(j)?
5
Suppose -5*k + s = -2*k - 11, -5*s - 15 = 5*k. Let t(h) = 1 - 3*h**2 + 2*h**k + 7*h + 4. What is t(7)?
5
Let k = -64 - -74. Suppose k*w - 8*w + 10 = 0. Let i(d) be the second derivative of d**3/6 + 3*d**2/2 + d. What is i(w)?
-2
Let j(c) be the third derivative of -1/24*c**4 + 1/2*c**3 + 0*c + 0 - 1/120*c**6 + 1/20*c**5 - 7*c**2. Give j(3).
0
Suppose 2*w + 9 = -t, 2*t + 16 = -3*w - 2*t. Let g(f) = 1 + 5*f - 3*f + 4*f**3 - 3*f**2 - 5*f**3 + 4. Calculate g(w).
13
Let h(q) = 34*q**2 - 2*q + 20. Let n(s) = -51*s**2 + 3*s - 28. Let y(k) = -7*h(k) - 5*n(k). Calculate y(1).
16
Let t(o) be the first derivative of -11 - 1/3*o**3 + 0*o + 0*o**2. Give t(4).
-16
Let y be ((-4)/(-10))/((-492)/60 + 8). Let o(w) = w**3 + 2*w**2 + 3*w + 5. Give o(y).
-1
Let q be (-2)/8 + (-183)/(-12). Let s(y) = y - 7. What is s(q)?
8
Let l(f) be the second derivative of -f**3/6 - f**2/2 - 2*f + 11. What is l(-5)?
4
Let m(x) = x**2 + 4*x - 6. Let g(t) = -43*t - 179. Let f be g(-4). Determine m(f).
15
Let p be (-2 - -3) + (10/(-2) - -10). Let l(s) = 15*s + 4*s + 2 - 16*s + p*s. Give l(-2).
-16
Suppose 0*m = -5*m - 25. Let g(r) = 1 + 1637*r - 2 - 1638*r + 1. Calculate g(m).
5
Let v(p) = p + 8. Let m(u) = u**2 - 3*u - 22. Let j be m(-4). What is v(j)?
14
Let g(z) = z + 3. Let o be 6*(-6 + 9/3 + 2). Let q(p) = p + 9. Let x be q(o). Determine g(x).
6
Suppose 5*v = 3*v + 6. Suppose v*o = -1 + 16. Suppose 5*z = 10 - 30, o*n - 30 = 5*z. Let a(s) = -8*s + 2. Give a(n).
-14
Let w(m) = 28*m - 7. Let y(q) = -10*q + 2. Let t(l) = 3*w(l) + 8*y(l). What is t(4)?
11
Let u(z) = -z**2 + 3*z + 1. Let m be u(3). Let i(j) be the second derivative of 0 + 0*j**4 + 1/3*j**3 - 3/5*j**5 + 6*j - 1/2*j**2. Determine i(m).
-11
Let b(l) = 2*l**2 + 2*l - 3. Let j = -119 + 121. What is b(j)?
9
Let y(x) = -x**2 + 4. Let g be y(0). Let n(l) be the second derivative of -l**4/12 + l**3/6 + l**2/2 + 32*l. What is n(g)?
-11
Let i(t) = -13 - t + 72 - 41. Calculate i(14).
4
Let t be -1*(-2 - (-1 + 0)). Suppo